the remainder when 72395 is divided by 464?
11
What is the remainder when 7816 is divided by 1945?
36
Calculate the remainder when 1482327 is divided by 226.
219
What is the remainder when 2716 is divided by 1356?
4
What is the remainder when 17656 is divided by 256?
248
Calculate the remainder when 5661 is divided by 13.
6
Calculate the remainder when 1933 is divided by 942.
49
Calculate the remainder when 32651 is divided by 18.
17
Calculate the remainder when 127604 is divided by 88.
4
Calculate the remainder when 2740 is divided by 65.
10
What is the remainder when 2781 is divided by 520?
181
Calculate the remainder when 3620 is divided by 1013.
581
What is the remainder when 465190 is divided by 426?
424
What is the remainder when 1046 is divided by 26?
6
Calculate the remainder when 1166 is divided by 493.
180
Calculate the remainder when 6935 is divided by 217.
208
Calculate the remainder when 53091 is divided by 1363.
1297
Calculate the remainder when 22252 is divided by 60.
52
What is the remainder when 6049 is divided by 182?
43
What is the remainder when 3979 is divided by 31?
11
Calculate the remainder when 196045 is divided by 27.
25
Calculate the remainder when 62268 is divided by 233.
57
Calculate the remainder when 2189 is divided by 543.
17
Calculate the remainder when 174227 is divided by 262.
259
Calculate the remainder when 19308 is divided by 157.
154
Calculate the remainder when 484102 is divided by 35.
17
Calculate the remainder when 3032 is divided by 920.
272
What is the remainder when 6567 is divided by 52?
15
What is the remainder when 7634 is divided by 582?
68
Calculate the remainder when 16155 is divided by 5380.
15
What is the remainder when 171643 is divided by 332?
331
Calculate the remainder when 4679 is divided by 2222.
235
What is the remainder when 4587 is divided by 3601?
986
Calculate the remainder when 4921 is divided by 383.
325
Calculate the remainder when 678 is divided by 15.
3
What is the remainder when 20479 is divided by 4093?
14
What is the remainder when 1777 is divided by 292?
25
Calculate the remainder when 81899 is divided by 70.
69
Calculate the remainder when 1777 is divided by 83.
34
Calculate the remainder when 31236 is divided by 40.
36
Calculate the remainder when 1499 is divided by 354.
83
Calculate the remainder when 10231 is divided by 55.
1
Calculate the remainder when 10898 is divided by 3628.
14
What is the remainder when 1586541 is divided by 12?
9
Calculate the remainder when 5832 is divided by 2898.
36
Calculate the remainder when 14467 is divided by 612.
391
What is the remainder when 1027 is divided by 210?
187
What is the remainder when 2532 is divided by 1597?
935
What is the remainder when 311 is divided by 20?
11
Calculate the remainder when 295614 is divided by 379.
373
Calculate the remainder when 19482 is divided by 3892.
22
Calculate the remainder when 8125 is divided by 33.
7
Calculate the remainder when 82333 is divided by 79.
15
Calculate the remainder when 32825 is divided by 304.
297
Calculate the remainder when 69496 is divided by 808.
8
What is the remainder when 84 is divided by 55?
29
Calculate the remainder when 257623 is divided by 51518.
33
What is the remainder when 14165 is divided by 347?
285
What is the remainder when 50096 is divided by 7?
4
What is the remainder when 35692 is divided by 17844?
4
Calculate the remainder when 52997 is divided by 22.
21
Calculate the remainder when 696534 is divided by 570.
564
Calculate the remainder when 47375 is divided by 9446.
145
Calculate the remainder when 323 is divided by 55.
48
What is the remainder when 21890 is divided by 421?
419
Calculate the remainder when 194617 is divided by 3089.
10
Calculate the remainder when 9344 is divided by 408.
368
What is the remainder when 38204 is divided by 36?
8
Calculate the remainder when 191908 is divided by 123.
28
What is the remainder when 83386 is divided by 115?
11
What is the remainder when 1961 is divided by 36?
17
Calculate the remainder when 4238 is divided by 1201.
635
What is the remainder when 3905097 is divided by 450?
447
Calculate the remainder when 6580 is divided by 716.
136
Calculate the remainder when 93767 is divided by 68.
63
What is the remainder when 101766 is divided by 44?
38
What is the remainder when 23120 is divided by 591?
71
What is the remainder when 7641607 is divided by 1678?
1673
Calculate the remainder when 106790 is divided by 8214.
8
What is the remainder when 1635 is divided by 472?
219
What is the remainder when 4555 is divided by 345?
70
What is the remainder when 7780 is divided by 1555?
5
What is the remainder when 1784 is divided by 448?
440
Calculate the remainder when 443991 is divided by 46.
45
What is the remainder when 1935 is divided by 40?
15
Calculate the remainder when 27167 is divided by 1809.
32
What is the remainder when 704896 is divided by 14?
10
Calculate the remainder when 17088 is divided by 231.
225
Calculate the remainder when 78773 is divided by 11252.
9
What is the remainder when 37291 is divided by 93?
91
What is the remainder when 5440 is divided by 3991?
1449
What is the remainder when 1969 is divided by 746?
477
What is the remainder when 57910 is divided by 80?
70
Calculate the remainder when 1717523 is divided by 684.
683
Calculate the remainder when 28757 is divided by 1196.
53
What is the remainder when 9780 is divided by 31?
15
Calculate the remainder when 374907 is divided by 62481.
21
What is the remainder when 73287 is divided by 349?
346
Calculate the remainder when 14472 is divided by 71.
59
What is the remainder when 45567 is divided by 310?
307
What is the remainder when 5831 is divided by 94?
3
Calculate the remainder when 218656 is divided by 72859.
79
Calculate the remainder when 12547 is divided by 12.
7
What is the remainder when 6756 is divided by 57?
30
What is the remainder when 7231 is divided by 34?
23
What is the remainder when 1934 is divided by 83?
25
What is the remainder when 476 is divided by 452?
24
Calculate the remainder when 99362 is divided by 135.
2
Calculate the remainder when 4380 is divided by 122.
110
What is the remainder when 106927 is divided by 2430?
7
Calculate the remainder when 724 is divided by 316.
92
Calculate the remainder when 319144 is divided by 155.
154
What is the remainder when 11166 is divided by 556?
46
What is the remainder when 3854 is divided by 353?
324
Calculate the remainder when 23247 is divided by 235.
217
What is the remainder when 19841 is divided by 63?
59
Calculate the remainder when 3304 is divided by 1633.
38
What is the remainder when 23739 is divided by 4741?
34
Calculate the remainder when 2524675 is divided by 44.
43
What is the remainder when 2148 is divided by 13?
3
What is the remainder when 17064 is divided by 5666?
66
Calculate the remainder when 32287 is divided by 557.
538
What is the remainder when 11899 is divided by 25?
24
What is the remainder when 1824 is divided by 602?
18
What is the remainder when 2702 is divided by 21?
14
What is the remainder when 33645 is divided by 253?
249
What is the remainder when 61123 is divided by 118?
117
Calculate the remainder when 4026 is divided by 68.
14
Calculate the remainder when 6256 is divided by 391.
0
Calculate the remainder when 1772995 is divided by 1981.
0
What is the remainder when 987910 is divided by 329300?
10
What is the remainder when 1864 is divided by 63?
37
What is the remainder when 4837 is divided by 2324?
189
What is the remainder when 737 is divided by 445?
292
What is the remainder when 236559 is divided by 276?
27
What is the remainder when 29808 is divided by 257?
253
Calculate the remainder when 1390 is divided by 1343.
47
Calculate the remainder when 134457 is divided by 74.
73
What is the remainder when 1283 is divided by 190?
143
What is the remainder when 113668 is divided by 270?
268
What is the remainder when 144666 is divided by 28?
18
What is the remainder when 792 is divided by 1?
0
Calculate the remainder when 69985 is divided by 231.
223
What is the remainder when 54470 is divided by 4?
2
What is the remainder when 177131 is divided by 73?
33
Calculate the remainder when 44155 is divided by 631.
616
Calculate the remainder when 28059 is div